{"id":89,"date":"2020-10-16T01:23:37","date_gmt":"2020-10-15T23:23:37","guid":{"rendered":"https:\/\/www.mosrzorlov.sk\/?page_id=89"},"modified":"2026-03-29T13:15:13","modified_gmt":"2026-03-29T11:15:13","slug":"kontakty","status":"publish","type":"page","link":"https:\/\/www.mosrzorlov.sk\/?page_id=89","title":{"rendered":"Kontakty"},"content":{"rendered":"\n<p><strong>Predsedn\u00edctvo MO SRZ Orlov:<\/strong><\/p>\n\n\n\n<div class=\"wp-block-group\"><div class=\"wp-block-group__inner-container is-layout-constrained wp-block-group-is-layout-constrained\">\n<figure class=\"wp-block-table is-style-regular\"><table class=\"has-fixed-layout\"><tbody><tr><td><strong>Ing. J\u00e1n Zubko<\/strong>\u00a0(\u0161tatut\u00e1r)\u00a0<\/td><td>Predseda v\u00fdboru<\/td><td>0907 798\u00a0718<\/td><\/tr><tr><td><strong>Erik Zbi\u0148ovsk\u00fd<\/strong><\/td><td>Podpredseda v\u00fdboru<\/td><td>0905 635 380<\/td><\/tr><tr><td><strong>Mgr. Mari\u00e1n Ivan<\/strong>\u00a0(\u0161tatut\u00e1r)\u00a0<\/td><td>Tajomn\u00edk v\u00fdboru<\/td><td>0910 155 655<\/td><\/tr><tr><td><strong>Pavel \u0160vec<\/strong><\/td><td>Hlavn\u00fd hospod\u00e1r<\/td><td>0918 664\u00a0296<\/td><\/tr><tr><td><strong>MVDr. Jozef Cabrnoch<\/strong><\/td><td>Pomocn\u00fd hospod\u00e1r<\/td><td>0905 260 436<\/td><\/tr><\/tbody><\/table><\/figure>\n<\/div><\/div>\n\n\n\n<p><strong>\u010clenovia v\u00fdboru MO SRZ Orlov:<\/strong><\/p>\n\n\n\n<figure class=\"wp-block-table\"><table class=\"has-fixed-layout\"><tbody><tr><td><strong>Pavol Fuchs<\/strong><\/td><td>Vyd\u00e1vanie povoleniek + ADP<\/td><td>0903 225 391<\/td><\/tr><tr><td><strong>Peter Gabo\u0161<\/strong><\/td><td>Pokladn\u00edk<\/td><td>0917 508 751<\/td><\/tr><tr><td><strong>Anton Pavlinsk\u00fd<\/strong><\/td><td>\u0160portov\u00fd a kult\u00farny referent<\/td><td>0915 942 765<\/td><\/tr><tr><td><strong>Marek Tebe\u013eak<\/strong><\/td><td>Pr\u00e1ca s\u00a0de\u0165mi a ml\u00e1de\u017eou<\/td><td>0915 625 794<\/td><\/tr><\/tbody><\/table><\/figure>\n\n\n\n<p><strong>Disciplin\u00e1rna komisia<\/strong> <strong>MO SRZ Orlov:<\/strong><\/p>\n\n\n\n<figure class=\"wp-block-table\"><table class=\"has-fixed-layout\"><tbody><tr><td><strong>JUDr. Ladislav Vasi\u013eenko<\/strong><\/td><td>Predseda<\/td><td>0903 908 946<\/td><\/tr><tr><td><strong>Mgr. \u013dubom\u00edr \u0160enitka<\/strong><\/td><td>\u010clen<\/td><td><\/td><\/tr><tr><td><strong>Jozef Vand\u017eura<\/strong><\/td><td>\u010clen<\/td><td><\/td><\/tr><\/tbody><\/table><\/figure>\n\n\n\n<p><strong>Ryb\u00e1rska str\u00e1\u017e<\/strong> <strong>MO SRZ Orlov:<\/strong><\/p>\n\n\n\n<figure class=\"wp-block-table\"><table class=\"has-fixed-layout\"><tbody><tr><td><strong>Martin Tupta<\/strong><\/td><td>Velite\u013e<\/td><td>0911 095 521<\/td><\/tr><tr><td><strong>Rastislav Luka\u010d<\/strong><\/td><td>Z\u00e1stupca<\/td><td><\/td><\/tr><\/tbody><\/table><\/figure>\n\n\n\n<p><strong>Kontroln\u00e1 komisia<\/strong> <strong>MO SRZ Orlov:<\/strong><\/p>\n\n\n\n<figure class=\"wp-block-table\"><table class=\"has-fixed-layout\"><tbody><tr><td><strong>Jozef Jaco<\/strong><\/td><td>Predseda<\/td><td>0944 158 624<\/td><\/tr><tr><td><strong>Jozef Nemergut<\/strong><\/td><td>\u010clen<\/td><td><\/td><\/tr><tr><td><strong>Ing. Milan Roman<\/strong><\/td><td>\u010clen<\/td><td><\/td><\/tr><\/tbody><\/table><\/figure>\n","protected":false},"excerpt":{"rendered":"<p>Predsedn\u00edctvo MO SRZ Orlov: Ing. J\u00e1n Zubko\u00a0(\u0161tatut\u00e1r)\u00a0 Predseda v\u00fdboru 0907 798\u00a0718 Erik Zbi\u0148ovsk\u00fd Podpredseda v\u00fdboru 0905 635 380 Mgr. Mari\u00e1n Ivan\u00a0(\u0161tatut\u00e1r)\u00a0 Tajomn\u00edk v\u00fdboru 0910 155 655 Pavel \u0160vec Hlavn\u00fd hospod\u00e1r 0918 664\u00a0296 MVDr. Jozef Cabrnoch Pomocn\u00fd hospod\u00e1r 0905 260 436 \u010clenovia v\u00fdboru MO SRZ Orlov: Pavol Fuchs Vyd\u00e1vanie povoleniek + ADP 0903 225 391 Peter Gabo\u0161 Pokladn\u00edk 0917 508 751&#46;&#46;&#46;<\/p>\n","protected":false},"author":1,"featured_media":0,"parent":0,"menu_order":0,"comment_status":"closed","ping_status":"closed","template":"","meta":{"ngg_post_thumbnail":0,"footnotes":""},"class_list":["post-89","page","type-page","status-publish","hentry"],"_links":{"self":[{"href":"https:\/\/www.mosrzorlov.sk\/index.php?rest_route=\/wp\/v2\/pages\/89","targetHints":{"allow":["GET"]}}],"collection":[{"href":"https:\/\/www.mosrzorlov.sk\/index.php?rest_route=\/wp\/v2\/pages"}],"about":[{"href":"https:\/\/www.mosrzorlov.sk\/index.php?rest_route=\/wp\/v2\/types\/page"}],"author":[{"embeddable":true,"href":"https:\/\/www.mosrzorlov.sk\/index.php?rest_route=\/wp\/v2\/users\/1"}],"replies":[{"embeddable":true,"href":"https:\/\/www.mosrzorlov.sk\/index.php?rest_route=%2Fwp%2Fv2%2Fcomments&post=89"}],"version-history":[{"count":5,"href":"https:\/\/www.mosrzorlov.sk\/index.php?rest_route=\/wp\/v2\/pages\/89\/revisions"}],"predecessor-version":[{"id":3861,"href":"https:\/\/www.mosrzorlov.sk\/index.php?rest_route=\/wp\/v2\/pages\/89\/revisions\/3861"}],"wp:attachment":[{"href":"https:\/\/www.mosrzorlov.sk\/index.php?rest_route=%2Fwp%2Fv2%2Fmedia&parent=89"}],"curies":[{"name":"wp","href":"https:\/\/api.w.org\/{rel}","templated":true}]}}