{"id":1143,"date":"2020-10-16T18:15:30","date_gmt":"2020-10-16T16:15:30","guid":{"rendered":"https:\/\/www.mosrzorlov.sk\/?page_id=1143"},"modified":"2020-10-16T18:34:53","modified_gmt":"2020-10-16T16:34:53","slug":"memorial-2015","status":"publish","type":"page","link":"https:\/\/www.mosrzorlov.sk\/?page_id=1143","title":{"rendered":"Memori\u00e1l Pavla Drob\u0148\u00e1ka 2015"},"content":{"rendered":"\nngg_shortcode_0_placeholder\n","protected":false},"excerpt":{"rendered":"","protected":false},"author":1,"featured_media":0,"parent":0,"menu_order":0,"comment_status":"closed","ping_status":"closed","template":"","meta":{"ngg_post_thumbnail":0,"footnotes":""},"class_list":["post-1143","page","type-page","status-publish","hentry"],"_links":{"self":[{"href":"https:\/\/www.mosrzorlov.sk\/index.php?rest_route=\/wp\/v2\/pages\/1143","targetHints":{"allow":["GET"]}}],"collection":[{"href":"https:\/\/www.mosrzorlov.sk\/index.php?rest_route=\/wp\/v2\/pages"}],"about":[{"href":"https:\/\/www.mosrzorlov.sk\/index.php?rest_route=\/wp\/v2\/types\/page"}],"author":[{"embeddable":true,"href":"https:\/\/www.mosrzorlov.sk\/index.php?rest_route=\/wp\/v2\/users\/1"}],"replies":[{"embeddable":true,"href":"https:\/\/www.mosrzorlov.sk\/index.php?rest_route=%2Fwp%2Fv2%2Fcomments&post=1143"}],"version-history":[{"count":2,"href":"https:\/\/www.mosrzorlov.sk\/index.php?rest_route=\/wp\/v2\/pages\/1143\/revisions"}],"predecessor-version":[{"id":1349,"href":"https:\/\/www.mosrzorlov.sk\/index.php?rest_route=\/wp\/v2\/pages\/1143\/revisions\/1349"}],"wp:attachment":[{"href":"https:\/\/www.mosrzorlov.sk\/index.php?rest_route=%2Fwp%2Fv2%2Fmedia&parent=1143"}],"curies":[{"name":"wp","href":"https:\/\/api.w.org\/{rel}","templated":true}]}}